{"id":13,"date":"2016-06-26T10:21:23","date_gmt":"2016-06-26T10:21:23","guid":{"rendered":"http:\/\/www.tehnoin.si\/?page_id=13"},"modified":"2026-04-09T09:56:43","modified_gmt":"2026-04-09T09:56:43","slug":"o-nas","status":"publish","type":"page","link":"https:\/\/www.tehnoin.si\/","title":{"rendered":"O nas"},"content":{"rendered":"<p data-start=\"0\" data-end=\"176\">Ustanovljeni smo bili leta 2014 kot podjetje <strong data-start=\"45\" data-end=\"63\">TEHNOIN d.o.o.<\/strong>. Aktivnosti podjetja lahko razdelimo na dve glavni podro\u010dji: <strong data-start=\"125\" data-end=\"148\">elektro instalacije<\/strong> in <strong data-start=\"152\" data-end=\"175\">strojne instalacije<\/strong>.<\/p>\n<p data-start=\"178\" data-end=\"710\">Na podro\u010dju <strong data-start=\"190\" data-end=\"212\">elektro instalacij<\/strong> izvajamo celovite re\u0161itve \u2013 od na\u010drtovanja in svetovanja do izvedbe in vzdr\u017eevanja. Pokrivamo tako stanovanjske kot poslovne in industrijske objekte, pri \u010demer posebno pozornost namenjamo varnosti, zanesljivosti in skladnosti z veljavnimi standardi. Izvajamo razsvetljavo, razdelilne sisteme, napajalne in\u0161talacije ter re\u0161itve za optimizacijo porabe elektri\u010dne energije. Z uporabo kakovostnih materialov in sodobnih pristopov zagotavljamo dolgoro\u010dno delovanje sistemov ter zadovoljstvo naro\u010dnikov.<\/p>\n<p data-start=\"712\" data-end=\"1087\">Pomemben del na\u0161e ponudbe predstavljajo <strong>strojne instalacije<\/strong>, ki sledijo sodobnim smernicam razvoja. Razvoj novih tehnologij in realne potrebe vsakdanjega \u017eivljenja nas usmerjajo k u\u010dinkoviti in var\u010dni rabi energije, kar za nas predstavlja pomemben izziv. S sodobnimi elektro in strojnimi re\u0161itvami \u017eelimo trgu ponuditi zanesljive, kakovostne in trajnostno naravnane storitve.<\/p>\n<p data-start=\"1089\" data-end=\"1144\" data-is-last-node=\"\" data-is-only-node=\"\">Na\u0161e poslanstvo je predvsem kakovostno opravljeno delo.<\/p>\n","protected":false},"excerpt":{"rendered":"<p>Ustanovljeni smo bili leta 2014 kot podjetje TEHNOIN d.o.o.. Aktivnosti podjetja lahko razdelimo na dve glavni podro\u010dji: elektro instalacije in [&hellip;]<\/p>\n","protected":false},"author":1,"featured_media":0,"parent":26,"menu_order":0,"comment_status":"closed","ping_status":"closed","template":"fullwidth.php","meta":[],"_links":{"self":[{"href":"https:\/\/www.tehnoin.si\/index.php?rest_route=\/wp\/v2\/pages\/13"}],"collection":[{"href":"https:\/\/www.tehnoin.si\/index.php?rest_route=\/wp\/v2\/pages"}],"about":[{"href":"https:\/\/www.tehnoin.si\/index.php?rest_route=\/wp\/v2\/types\/page"}],"author":[{"embeddable":true,"href":"https:\/\/www.tehnoin.si\/index.php?rest_route=\/wp\/v2\/users\/1"}],"replies":[{"embeddable":true,"href":"https:\/\/www.tehnoin.si\/index.php?rest_route=%2Fwp%2Fv2%2Fcomments&post=13"}],"version-history":[{"count":3,"href":"https:\/\/www.tehnoin.si\/index.php?rest_route=\/wp\/v2\/pages\/13\/revisions"}],"predecessor-version":[{"id":147,"href":"https:\/\/www.tehnoin.si\/index.php?rest_route=\/wp\/v2\/pages\/13\/revisions\/147"}],"up":[{"embeddable":true,"href":"https:\/\/www.tehnoin.si\/index.php?rest_route=\/wp\/v2\/pages\/26"}],"wp:attachment":[{"href":"https:\/\/www.tehnoin.si\/index.php?rest_route=%2Fwp%2Fv2%2Fmedia&parent=13"}],"curies":[{"name":"wp","href":"https:\/\/api.w.org\/{rel}","templated":true}]}}